 thousands digit of 829523987?
3
What is the ten thousands digit of 35992184?
9
What is the ten thousands digit of 11731229?
3
What is the hundred thousands digit of 15624410?
6
What is the ten millions digit of 558416961?
5
What is the units digit of 404235040?
0
What is the thousands digit of 186294475?
4
What is the hundred millions digit of 985014102?
9
What is the thousands digit of 70097149?
7
What is the tens digit of 420989402?
0
What is the thousands digit of 91654376?
4
What is the hundreds digit of 72860662?
6
What is the ten millions digit of 986386785?
8
What is the units digit of 274002810?
0
What is the ten millions digit of 1481816588?
8
What is the hundreds digit of 12770197?
1
What is the thousands digit of 3555517?
5
What is the billions digit of 7365777202?
7
What is the hundred thousands digit of 477095960?
0
What is the tens digit of 55577463?
6
What is the ten millions digit of 1356669867?
5
What is the thousands digit of 93296952?
6
What is the millions digit of 980055213?
0
What is the hundred thousands digit of 6001534?
0
What is the hundred millions digit of 527915061?
5
What is the millions digit of 2171574843?
1
What is the thousands digit of 3730921501?
1
What is the hundred thousands digit of 5201429?
2
What is the ten thousands digit of 129132314?
3
What is the ten thousands digit of 24425883?
2
What is the hundreds digit of 462272672?
6
What is the hundred millions digit of 162288077?
1
What is the hundred thousands digit of 5658312390?
3
What is the millions digit of 35028652?
5
What is the units digit of 62030936?
6
What is the hundred millions digit of 297446606?
2
What is the units digit of 23087133?
3
What is the thousands digit of 189190530?
0
What is the hundred thousands digit of 12385518?
3
What is the tens digit of 681963817?
1
What is the ten millions digit of 54295790?
5
What is the hundreds digit of 17973259?
2
What is the units digit of 738094379?
9
What is the ten millions digit of 2278193141?
7
What is the ten millions digit of 936300978?
3
What is the millions digit of 33631734?
3
What is the millions digit of 28108918?
8
What is the ten thousands digit of 3173987409?
8
What is the thousands digit of 3331733790?
3
What is the ten millions digit of 49723836?
4
What is the tens digit of 95390651?
5
What is the tens digit of 27044875?
7
What is the ten millions digit of 756010229?
5
What is the units digit of 9086216201?
1
What is the millions digit of 5599100882?
9
What is the ten millions digit of 4969595865?
6
What is the hundreds digit of 127031538?
5
What is the millions digit of 2986987625?
6
What is the units digit of 2445374817?
7
What is the billions digit of 1851929709?
1
What is the units digit of 3221715?
5
What is the tens digit of 917234182?
8
What is the ten thousands digit of 511060145?
6
What is the units digit of 1449098192?
2
What is the hundred thousands digit of 2490227331?
2
What is the thousands digit of 79662562?
2
What is the hundred thousands digit of 46640766?
6
What is the ten thousands digit of 609446681?
4
What is the millions digit of 259030462?
9
What is the millions digit of 5750374?
5
What is the hundreds digit of 1675294527?
5
What is the hundreds digit of 4848207064?
0
What is the thousands digit of 204836024?
6
What is the hundreds digit of 45451186?
1
What is the tens digit of 11452462?
6
What is the units digit of 380433987?
7
What is the millions digit of 987214855?
7
What is the tens digit of 266795078?
7
What is the units digit of 3412180?
0
What is the thousands digit of 3480371210?
1
What is the billions digit of 1287790687?
1
What is the units digit of 18098846?
6
What is the units digit of 62823456?
6
What is the billions digit of 1280417655?
1
What is the thousands digit of 202807700?
7
What is the tens digit of 189689394?
9
What is the millions digit of 216936109?
6
What is the ten millions digit of 5595768214?
9
What is the ten thousands digit of 16205359?
0
What is the ten millions digit of 157077490?
5
What is the units digit of 18789281?
1
What is the millions digit of 625128048?
5
What is the hundred thousands digit of 69973533?
9
What is the thousands digit of 410700561?
0
What is the hundreds digit of 36177332?
3
What is the ten thousands digit of 27863560?
6
What is the units digit of 2381859631?
1
What is the ten thousands digit of 3768440?
6
What is the hundred thousands digit of 38475247?
4
What is the thousands digit of 34569994?
9
What is the units digit of 162115852?
2
What is the ten thousands digit of 286465690?
6
What is the units digit of 59559176?
6
What is the ten millions digit of 48130142?
4
What is the units digit of 181490823?
3
What is the millions digit of 289280746?
9
What is the ten millions digit of 321401967?
2
What is the units digit of 374975687?
7
What is the hundreds digit of 536258941?
9
What is the ten thousands digit of 835898228?
9
What is the ten millions digit of 3707262164?
0
What is the tens digit of 82269654?
5
What is the tens digit of 952637672?
7
What is the tens digit of 146113183?
8
What is the thousands digit of 155355815?
5
What is the hundred thousands digit of 1778765469?
7
What is the tens digit of 841794?
9
What is the thousands digit of 2262094230?
4
What is the hundred thousands digit of 57194266?
1
What is the hundred millions digit of 264520297?
2
What is the hundreds digit of 1632609310?
3
What is the units digit of 2633229159?
9
What is the millions digit of 255740655?
5
What is the hundreds digit of 22707956?
9
What is the hundreds digit of 110563892?
8
What is the hundred thousands digit of 57523393?
5
What is the ten millions digit of 2546069938?
4
What is the tens digit of 48218104?
0
What is the ten millions digit of 4380198095?
8
What is the hundreds digit of 3320400876?
8
What is the ten millions digit of 196471402?
9
What is the ten millions digit of 39468699?
3
What is the ten thousands digit of 478759929?
5
What is the hundred millions digit of 1139314709?
1
What is the hundred thousands digit of 700658439?
6
What is the ten millions digit of 3386531143?
8
What is the ten millions digit of 112062127?
1
What is the hundred millions digit of 3652711186?
6
What is the hundred thousands digit of 18628647?
6
What is the ten thousands digit of 70261174?
6
What is the tens digit of 8510436?
3
What is the hundreds digit of 42237169?
1
What is the ten millions digit of 187818735?
8
What is the hundred thousands digit of 162681084?
6
What is the millions digit of 74896557?
4
What is the hundred millions digit of 459545852?
4
What is the ten millions digit of 472434227?
7
What is the ten millions digit of 95629245?
9
What is the tens digit of 471451548?
4
What is the thousands digit of 77599162?
9
What is the tens digit of 128256748?
4
What is the units digit of 232999872?
2
What is the ten millions digit of 233404766?
3
What is the ten thousands digit of 81756214?
5
What is the ten thousands digit of 805447374?
4
What is the tens digit of 31288746?
4
What is the hundred millions digit of 298224852?
2
What is the tens digit of 833910823?
2
What is the ten millions digit of 217528197?
1
What is the tens digit of 2069789301?
0
What is the billions digit of 1371957962?
1
What is the tens digit of 1696194237?
3
What is the tens digit of 580445688?
8
What is the ten thousands digit of 349044950?
4
What is the hundred thousands digit of 450529543?
5
What is the hundred millions digit of 758661346?
7
What is the millions digit of 80492568?
0
What is the hundred thousands digit of 148635171?
6
What is the hundred thousands digit of 385892310?
8
What is the thousands digit of 7850396944?
6
What is the hundred thousands digit of 2424958379?
9
What is the ten thousands digit of 558943364?
4
What is the millions digit of 207974760?
7
What is the hundred millions digit of 284048288?
2
What is the hundred thousands digit of 25137454?
1
What is the ten thousands digit of 455030991?
3
What is the hundred thousands digit of 65915659?
9
What is the hundred thousands digit of 1785682795?
6
What is the units digit of 72569429?
9
What is the tens digit of 149583663?
6
What is the tens digit of 349064656?
5
What is the millions digit of 12846074?
2
What is the tens digit of 708783074?
7
What is the hundred mi